 v = -f + 2*f, 0 = -5*f - m + 2. What are the prime factors of f + 0 + 15 + -3?
2, 3
Let y(k) = k + 4. Let r be y(-5). Suppose 19 = -3*s + 3*a - 47, 2*s + 41 = a. Let u = r - s. List the prime factors of u.
2, 3
Let g(o) = -o**3 - o**2 - o + 4. Let w be g(0). Let f(l) = l. Let s(i) = i**2 - 2*i - 2. Let d(a) = f(a) + s(a). What are the prime factors of d(w)?
2, 5
Suppose 2*r - 5 + 1 = -w, -4*r - 3*w + 4 = 0. Suppose -3*s + 2 + r = 0. Suppose 0 = s*u + h - 27, 2*u - 7 - 35 = 4*h. What are the prime factors of u?
3, 5
Let g(q) = -q - 3. Let b be g(-3). Suppose b*i = -2*i - 4*c + 8, -34 = -3*i + 5*c. What are the prime factors of (-1)/(-4) + 78/i?
2, 5
Suppose 7*c - 3*c = 92. List the prime factors of c.
23
Suppose m + 9 = 4*u, 0*m - 2*m = -2*u. Suppose 5*x = 4*l + 27, -5*x + m*l + 24 = -0*x. What are the prime factors of x?
3
Let v(x) be the second derivative of x**3/2 + 2*x**2 + 3*x. Let d = 7 + -4. List the prime factors of v(d).
13
Suppose 23*i - 558 = 21*i. List the prime factors of i.
3, 31
Suppose 8*d - 5*d = 93. What are the prime factors of d?
31
Let n = -85 - -220. What are the prime factors of n?
3, 5
Suppose -17*q + 15*q = -38. What are the prime factors of q?
19
Let u = -26 + 19. List the prime factors of (u - -3) + 46 + 4.
2, 23
Suppose -2*h = 2*x - 2, -4*x + 3*h + 13 = -2*h. Suppose 0*u + 12 = x*u. What are the prime factors of u?
2, 3
Let x = -107 - -238. List the prime factors of x.
131
Let x be (-21)/(-12) + 1/4. Suppose 0 = -4*f - y + 33, -7*f + 55 = -x*f + 4*y. List the prime factors of f.
7
Suppose 10*n = -3*n + 4745. List the prime factors of n.
5, 73
Let r be 0 - 3/(9/39). Let s(l) = l**3 + 14*l**2 + 13*l + 13. List the prime factors of s(r).
13
Let g = 21 + 2. What are the prime factors of g?
23
Suppose 3*o - 2*o = -5, 5*o + 15 = -2*z. Suppose g + 12 = z*g. List the prime factors of g/(18/(-39))*-2.
13
Let h = -24 - -19. Let w = h + 53. What are the prime factors of w?
2, 3
Let p(y) = 13*y - 1. Let m be p(1). Let t(i) = 5*i - 9. Let r be t(m). Suppose -3*j + 0*j = -r. What are the prime factors of j?
17
Let o(b) be the third derivative of b**6/120 + b**5/10 + b**4/12 - b**3/2 + 3*b**2. List the prime factors of o(-5).
2, 3
Let w(i) be the second derivative of -i**4/12 - 3*i**3/2 - 7*i**2/2 - 3*i. List the prime factors of w(-7).
7
Let c(y) = -19*y - 23. List the prime factors of c(-7).
2, 5, 11
Let o be 0 + (2 + -1)*3. Suppose 4*m = o*m + 2*p + 12, -24 = -m + 5*p. List the prime factors of m.
2
Let d = 3 + -7. Let a be ((-2)/d)/((-2)/24). Let o(j) = j**2 + 3*j - 8. What are the prime factors of o(a)?
2, 5
What are the prime factors of ((-4)/(-10))/((-42)/70)*-591?
2, 197
Suppose a + a - 3*q - 159 = 0, 4*a + q = 297. List the prime factors of a.
3, 5
Let b(c) = -c**2 + c + 134. Let k be b(0). List the prime factors of k/10 + 8/(-20).
13
Suppose 0 = -0*g + 2*g - 8. What are the prime factors of (4/(-6))/(g/(-12))?
2
Suppose 5*k - 235 = -55. List the prime factors of k.
2, 3
Suppose o - 2*o + 11 = 0. What are the prime factors of o?
11
Suppose m = -4*i + 108, -5*m + i = -2*m - 324. List the prime factors of m.
2, 3
Suppose -m + 54 = -3*v, 7 + 8 = -3*v. What are the prime factors of m?
3, 13
Suppose -3*v - 5 = -2*v - 2*i, -4*v + 5*i - 11 = 0. Let c be (v/2)/((-1)/(-10)). Suppose -c*p = -0*p - 5, 0 = w - p - 2. List the prime factors of w.
3
Let q(w) = 4*w + 188. What are the prime factors of q(0)?
2, 47
Suppose 2*o - 1 = -4*h + 1, 5*h + 15 = o. Suppose -2*k + r - 57 = 0, 15 = -2*r + o*r. What are the prime factors of 4/(-26) + (-264)/k?
2, 5
Let r = 0 + 0. Suppose -2*f - 2*a + 112 = 0, 5*f + r*f - 270 = -3*a. Suppose -4*p = 19 - f. What are the prime factors of p?
2
Let i be (1 - -4)/((-1)/(-2)). Let b(z) = i*z - z + 0*z. What are the prime factors of b(2)?
2, 3
Suppose 9*p - 52 = 2. Suppose -4*q - 38 = -5*l, -10 = 6*q - q. Let g = p + l. What are the prime factors of g?
2, 3
Let q(d) = d**3 + 4*d**2 - 6*d + 5. Let i(o) = o + 1. Let s be i(0). Let f(h) = -4*h**3 - 2*h + 1. Let z be f(s). List the prime factors of q(z).
2, 5
Suppose -11*g - 278 = -13*g. List the prime factors of g.
139
Suppose 4*c = -3*z + 74, 4*z + 21 = -2*c + 133. Let k = 7 - -11. Let y = z - k. What are the prime factors of y?
2, 3
Let z(s) = -s**2 + 11*s - 10. Let d be z(8). What are the prime factors of d*-1*(-6)/7?
2, 3
Let f be 138/(-15) - 1/(-5). Let n(c) = -c**2 - 5*c - 9. Let j be n(f). List the prime factors of ((-4)/(-5))/((-3)/j).
2, 3
Let q = 5 + -2. Suppose -2*x + q = -55. List the prime factors of x.
29
Let n(m) = m**3 + 6*m**2 - 4*m - 14. What are the prime factors of n(-6)?
2, 5
Let j = 47 + -27. Suppose -3*u - 3*c = 24, 7*u + 24 = 4*u + c. Let d = u + j. What are the prime factors of d?
2, 3
Suppose 4*i - 4*k - 4 = 0, 2*i - k = -0*k + 5. Let b = 9 - i. List the prime factors of b.
5
Let p(j) = -2*j + 4. Let r be (-6)/10*(0 - -5). What are the prime factors of p(r)?
2, 5
Let a = -41 - -91. List the prime factors of a.
2, 5
Let j = -11 + 16. Suppose -j*s = 4*v - 142, 2*s + 2*s + 4*v - 112 = 0. Suppose -5*m - s = -125. List the prime factors of m.
19
Let m(r) = 3*r - 7*r - 2 + 5*r. Let k be m(4). Suppose -32 = -3*h + k*c - c, -4*h - 5*c + 49 = 0. What are the prime factors of h?
11
Let t be (-2)/(-4) + (-2)/(-4). Let w = t + 2. Suppose -w*n + 11 = 2*a - 0, -a + 25 = -5*n. What are the prime factors of a?
2, 5
Let u = -11 - -7. Let c be 2 + (u + 3)*-1. Suppose 5*d - 12 = 2*o - c*o, 0 = 4*o + 4*d - 16. What are the prime factors of o?
2
Suppose 4*m = -2 + 10. Let z = m + 0. Suppose 3*t - 1 = z*t, -s - t = -9. What are the prime factors of s?
2
Let l be -2*(-3 + (4 - 3)). Suppose 0 = l*i - 2 - 34. List the prime factors of i.
3
Let q(r) be the second derivative of -r**3/2 + 5*r. What are the prime factors of q(-7)?
3, 7
Let t = -39 + 114. Let q = t + -54. What are the prime factors of q?
3, 7
Suppose -4*w = w - 135. List the prime factors of w.
3
List the prime factors of (5673/102 + 2/(-17))*2.
3, 37
Let r(n) = 2*n**2 - 2*n + 2. Let s be r(2). Let w = 5 + -1. Let x = s - w. What are the prime factors of x?
2
Let y = -19 - -11. Let h = 19 + y. List the prime factors of h.
11
Let q be 3/(-2)*(0 - -2). Let c = q + 12. Suppose -37 = -3*m - 5*o, -2 + c = m - o. What are the prime factors of m?
3
Let j(k) = -k**2 - 3*k - 1. Let m be j(-1). Let b = m + 3. List the prime factors of b.
2
Suppose 3*o - 3*x = 906, 0 = o + x - 5*x - 293. List the prime factors of o.
5, 61
Let p be 2 + (-6)/3 + 2. What are the prime factors of (-29)/(-3) + p/6?
2, 5
Suppose -7 = -3*l + 8. Suppose -l*f = -4*b - 60, 4 = 2*f - 4*b - 8. List the prime factors of f.
2
Let m(w) be the third derivative of w**6/120 + 29*w**3/6 + w**2. Let b be m(0). Suppose 0 = 3*f - n - b, -7 = -5*n - 2. List the prime factors of f.
2, 5
Let v(b) = 13 - 10*b - 20 + 8. What are the prime factors of v(-5)?
3, 17
Suppose -w = 2*g + 3*g - 22, 5*w = g + 6. Suppose -6 = g*h - 7*h. Suppose f = -2*c + 18, 3*f + c = h*f + 16. List the prime factors of f.
2, 7
Suppose 0 = -2*q + 9*q - 1400. What are the prime factors of q?
2, 5
Suppose -a + 0*a = -5*x + 20, 4*a = -4*x + 40. Suppose -s - 88 = -x*s. List the prime factors of s.
2, 11
Let b(j) = j**3 + 5*j**2 - j + 4. Let d be b(-5). Suppose -5*h - d = p, h + 18 = 5*p + 5*h. Suppose k = p*k - 35. List the prime factors of k.
7
Suppose 16 = 2*w - 6*w + h, -5*w + h - 21 = 0. Let f be (-3)/w + (-6)/10. Suppose -z + 0*z + 9 = f. List the prime factors of z.
3
Let w(r) = -r**3 - 7*r**2 + r + 9. Let c(l) = -7*l**3 - l**2 + 2*l - 1. Let q(z) = z. Let o be q(1). Let u be c(o). What are the prime factors of w(u)?
2
Let v be (8/(-10))/((-2)/5). Let k be 2/6 - 528/(-36). Let d = k + v. List the prime factors of d.
17
Let g = -18 + 48. What are the prime factors of g?
2, 3, 5
Suppose 5*a - 51 = -3*y, -2*a + 0*y + 30 = -2*y. Suppose b = 4*b - a. List the prime factors of b.
2
Suppose 446 = 4*x - 26. What are the prime factors of x?
2, 59
Let w(g) = 12*g**2. Let d be w(1). Suppose -5*y + d = -y. What are the prime factors of y?
3
Suppose 264 = 3*n + 4*f, -7*f + 2*f = -3*n + 264. What are the prime factors of n?
2, 11
Let l = -22 - -65. List the prime factors of l.
43
Suppose 0 = -7*t + 109 + 150. List the prime factors of t.
37
Let c(q) = -2*q + 33. Let l(o) = -o - 1. Let